{"id":489,"date":"2016-07-28T07:15:52","date_gmt":"2016-07-28T07:15:52","guid":{"rendered":"https:\/\/redepragas.conectadigital.top\/?page_id=489"},"modified":"2022-09-07T22:01:57","modified_gmt":"2022-09-07T22:01:57","slug":"area","status":"publish","type":"page","link":"https:\/\/redepragas.com.br\/index.php\/area\/","title":{"rendered":"\u00c1rea de atua\u00e7\u00e3o"},"content":{"rendered":"<p>[vc_row][vc_column]<div class=\"sc_section\"><div class=\"sc_section_inner\"><h2 class=\"sc_section_title sc_item_title\">Nossa \u00e1rea de atua\u00e7\u00e3o<\/h2><div class=\"sc_section_content_wrap\"><\/div><\/div><\/div>[vc_masonry_media_grid grid_id=&#8221;vc_gid:1662588075965-bc08c34a-5c8c-9&#8243; include=&#8221;925,924,922,923,921,920&#8243;][\/vc_column][\/vc_row][vc_row][vc_column][vc_empty_space height=&#8221;100&#8243;][\/vc_column][\/vc_row]<\/p>\n","protected":false},"excerpt":{"rendered":"<p>[vc_row][vc_column][vc_masonry_media_grid grid_id=&#8221;vc_gid:1662588075965-bc08c34a-5c8c-9&#8243; include=&#8221;925,924,922,923,921,920&#8243;][\/vc_column][\/vc_row][vc_row][vc_column][vc_empty_space height=&#8221;100&#8243;][\/vc_column][\/vc_row]<\/p>\n","protected":false},"author":1,"featured_media":0,"parent":0,"menu_order":0,"comment_status":"closed","ping_status":"closed","template":"","meta":{"om_disable_all_campaigns":false,"_mi_skip_tracking":false,"_monsterinsights_sitenote_active":false,"_monsterinsights_sitenote_note":"","_monsterinsights_sitenote_category":0,"footnotes":""},"class_list":["post-489","page","type-page","status-publish","hentry"],"aioseo_notices":[],"_links":{"self":[{"href":"https:\/\/redepragas.com.br\/index.php\/wp-json\/wp\/v2\/pages\/489","targetHints":{"allow":["GET"]}}],"collection":[{"href":"https:\/\/redepragas.com.br\/index.php\/wp-json\/wp\/v2\/pages"}],"about":[{"href":"https:\/\/redepragas.com.br\/index.php\/wp-json\/wp\/v2\/types\/page"}],"author":[{"embeddable":true,"href":"https:\/\/redepragas.com.br\/index.php\/wp-json\/wp\/v2\/users\/1"}],"replies":[{"embeddable":true,"href":"https:\/\/redepragas.com.br\/index.php\/wp-json\/wp\/v2\/comments?post=489"}],"version-history":[{"count":2,"href":"https:\/\/redepragas.com.br\/index.php\/wp-json\/wp\/v2\/pages\/489\/revisions"}],"predecessor-version":[{"id":946,"href":"https:\/\/redepragas.com.br\/index.php\/wp-json\/wp\/v2\/pages\/489\/revisions\/946"}],"wp:attachment":[{"href":"https:\/\/redepragas.com.br\/index.php\/wp-json\/wp\/v2\/media?parent=489"}],"curies":[{"name":"wp","href":"https:\/\/api.w.org\/{rel}","templated":true}]}}